{"id":4,"date":"2014-05-23T11:46:20","date_gmt":"2014-05-23T09:46:20","guid":{"rendered":"http:\/\/litex.network.mkits.biz\/?page_id=4"},"modified":"2019-04-06T15:40:47","modified_gmt":"2019-04-06T13:40:47","slug":"innenliegender-sonnenschutz","status":"publish","type":"page","link":"https:\/\/dev.litex-gmbh.de\/?page_id=4","title":{"rendered":"PRODUKT\u00dcBERSICHT"},"content":{"rendered":"<p>[et_pb_section fb_built=&#8220;1&#8243; _builder_version=&#8220;3.0.47&#8243; custom_padding=&#8220;81px|0px|377px|0px|false|false&#8220;][et_pb_row custom_padding=&#8220;40px|0px|41px|0px|false|false&#8220; _builder_version=&#8220;3.19.4&#8243; background_size=&#8220;initial&#8220; background_position=&#8220;top_left&#8220; background_repeat=&#8220;repeat&#8220; module_alignment=&#8220;right&#8220;][et_pb_column type=&#8220;4_4&#8243; _builder_version=&#8220;3.0.47&#8243; parallax=&#8220;off&#8220; parallax_method=&#8220;on&#8220;][et_pb_text _builder_version=&#8220;3.0.74&#8243; background_size=&#8220;initial&#8220; background_position=&#8220;top_left&#8220; background_repeat=&#8220;repeat&#8220;]<\/p>\n<h2><span style=\"font-size: xx-large;\"><span style=\"color: #000000;\">PRODUKT\u00dcBERSICHT<\/span><\/span><\/h2>\n<h4><strong>Lamellenvorh\u00e4nge<\/strong><span style=\"font-size: x-large;\"><strong><span style=\"color: #000000;\"><\/span><\/strong><\/span><\/h4>\n<p><strong><\/strong><\/p>\n<p><strong><\/strong><\/p>\n<p><span style=\"font-size: x-large;\"><strong><span style=\"color: #000000;\"><\/span><\/strong><\/span><\/p>\n<p>[\/et_pb_text][\/et_pb_column][\/et_pb_row][\/et_pb_section][et_pb_section fb_built=&#8220;1&#8243; fullwidth=&#8220;on&#8220; _builder_version=&#8220;3.19.4&#8243;][et_pb_fullwidth_portfolio _builder_version=&#8220;3.19.4&#8243;][\/et_pb_fullwidth_portfolio][\/et_pb_section]<\/p>\n","protected":false},"excerpt":{"rendered":"<p>[et_pb_section fb_built=&#8220;1&#8243; _builder_version=&#8220;3.0.47&#8243; custom_padding=&#8220;81px|0px|377px|0px|false|false&#8220;][et_pb_row custom_padding=&#8220;40px|0px|41px|0px|false|false&#8220; _builder_version=&#8220;3.19.4&#8243; background_size=&#8220;initial&#8220; background_position=&#8220;top_left&#8220; background_repeat=&#8220;repeat&#8220; module_alignment=&#8220;right&#8220;][et_pb_column type=&#8220;4_4&#8243; _builder_version=&#8220;3.0.47&#8243; parallax=&#8220;off&#8220; parallax_method=&#8220;on&#8220;][et_pb_text _builder_version=&#8220;3.0.74&#8243; background_size=&#8220;initial&#8220; background_position=&#8220;top_left&#8220; background_repeat=&#8220;repeat&#8220;] PRODUKT\u00dcBERSICHT Lamellenvorh\u00e4nge [\/et_pb_text][\/et_pb_column][\/et_pb_row][\/et_pb_section][et_pb_section fb_built=&#8220;1&#8243; fullwidth=&#8220;on&#8220; _builder_version=&#8220;3.19.4&#8243;][et_pb_fullwidth_portfolio _builder_version=&#8220;3.19.4&#8243;][\/et_pb_fullwidth_portfolio][\/et_pb_section]<\/p>\n","protected":false},"author":1,"featured_media":0,"parent":0,"menu_order":0,"comment_status":"open","ping_status":"open","template":"","meta":{"_et_pb_use_builder":"on","_et_pb_old_content":"<h3><span style=\"color: #000000;\">Sonnenschutzl\u00f6sungen perfekt<\/span>\n<span class=\"Apple-style-span\" style=\"color: #000000;\"> und harmonisch<\/span><\/h3>\n<h3><a href=\"wp-content\/uploads\/2014\/09\/Lamellen.png\"><img class=\"alignright size-full wp-image-425\" src=\"wp-content\/uploads\/2014\/09\/Lamellen.png\" alt=\"Lamellen\" width=\"378\" height=\"532\"><\/a><\/h3>\n<div><span style=\"color: #000000;\">Innenliegende Sonnenschutz-Systeme sollten gestalterischen und funktionalen Charakter haben. Der&nbsp;Sonnenschutz kann an vertikalen und schr\u00e4gen W\u00e4nden als auch an Decken angebracht&nbsp;werden.<\/span><\/div>\n<div><span style=\"color: #000000;\">&nbsp;<\/span><\/div>\n<div><span style=\"color: #000000;\">Zu den Produkten&nbsp;des innenliegenden Sonnenschutzes geh\u00f6ren: Jalousien, Rollos (Elektrorollo, Raffrollos, Kassettenrollos), Vorh\u00e4nge, Lamellenvorh\u00e4nge,&nbsp;Fl\u00e4chenvorh\u00e4nge, Plissees, Verdunkelungsanlagen und Sonderverschattungen.<\/span><\/div>\n<span style=\"color: #000000;\">Die innenliegenden Systeme k\u00f6nnen beispielsweise Sonnen- und Blendschutz kombinieren.<\/span>\n\n<span style=\"color: #000000;\">&nbsp;<\/span>\n<h3><span style=\"color: #000000;\">Innenliegender Sonnenschutz ist zugleich funktional als auch&nbsp;dekorativ<\/span><\/h3>\n<span style=\"color: #000000;\">Innenliegender Sonnenschutz wird angewandt um die Lichtverh\u00e4ltnisse im Raum bestm\u00f6glich zu gestalten.&nbsp;Demzufolge reduziert sich die Temperatur des Innenraums und vermeidet Lichtsch\u00e4digungen am Mobiliar.<\/span>\n\n<span style=\"color: #000000;\">Mit einer gro\u00dfen Bandbreite an Formen, Farben und Designs bietet der innenliegende Sonnenschutz vielf\u00e4ltige M\u00f6glichkeiten der Raum- und Geb\u00e4udegestaltung.<\/span>"},"_links":{"self":[{"href":"https:\/\/dev.litex-gmbh.de\/index.php?rest_route=\/wp\/v2\/pages\/4"}],"collection":[{"href":"https:\/\/dev.litex-gmbh.de\/index.php?rest_route=\/wp\/v2\/pages"}],"about":[{"href":"https:\/\/dev.litex-gmbh.de\/index.php?rest_route=\/wp\/v2\/types\/page"}],"author":[{"embeddable":true,"href":"https:\/\/dev.litex-gmbh.de\/index.php?rest_route=\/wp\/v2\/users\/1"}],"replies":[{"embeddable":true,"href":"https:\/\/dev.litex-gmbh.de\/index.php?rest_route=%2Fwp%2Fv2%2Fcomments&post=4"}],"version-history":[{"count":35,"href":"https:\/\/dev.litex-gmbh.de\/index.php?rest_route=\/wp\/v2\/pages\/4\/revisions"}],"predecessor-version":[{"id":2444,"href":"https:\/\/dev.litex-gmbh.de\/index.php?rest_route=\/wp\/v2\/pages\/4\/revisions\/2444"}],"wp:attachment":[{"href":"https:\/\/dev.litex-gmbh.de\/index.php?rest_route=%2Fwp%2Fv2%2Fmedia&parent=4"}],"curies":[{"name":"wp","href":"https:\/\/api.w.org\/{rel}","templated":true}]}}